{"id":237,"date":"2015-08-11T21:48:06","date_gmt":"2015-08-11T21:48:06","guid":{"rendered":"http:\/\/savoy.nordicmade.com\/product\/round-tray-table\/"},"modified":"2018-11-15T19:34:48","modified_gmt":"2018-11-15T21:34:48","slug":"extintor-pqs-20kg-abc","status":"publish","type":"product","link":"https:\/\/galegoextintores.com.br\/loja\/product\/extintor-pqs-20kg-abc\/","title":{"rendered":"EXTINTOR PQS 20KG &#8211; ABC"},"content":{"rendered":"","protected":false},"excerpt":{"rendered":"<ul>\n<li>Extintor sobre rodas de pressuriza\u00e7\u00e3o direta, com carga de p\u00f3 qu\u00edmico seco ABC, fabricado conforme ABNT NBR 15809:2010 em chapa de a\u00e7o carbono.<\/li>\n<li>Destinado ao combate de princ\u00edpios de inc\u00eandio das Classes A (Res\u00edduos S\u00f3lidos), B (L\u00edquidos inflam\u00e1veis), C (equipamentos El\u00e9tricos), com press\u00e3o de trabalho de 10,5 Kgf.\/cm2.<\/li>\n<\/ul>\n","protected":false},"featured_media":1141,"comment_status":"open","ping_status":"closed","template":"","meta":{"_joinchat":[]},"product_brand":[],"product_cat":[52],"product_tag":[28,35,41],"class_list":{"0":"post-237","1":"product","2":"type-product","3":"status-publish","4":"has-post-thumbnail","6":"product_cat-extintores","7":"product_tag-contemporary","8":"product_tag-interior","9":"product_tag-minimal","11":"first","12":"instock","13":"shipping-taxable","14":"purchasable","15":"product-type-simple"},"_links":{"self":[{"href":"https:\/\/galegoextintores.com.br\/loja\/wp-json\/wp\/v2\/product\/237","targetHints":{"allow":["GET"]}}],"collection":[{"href":"https:\/\/galegoextintores.com.br\/loja\/wp-json\/wp\/v2\/product"}],"about":[{"href":"https:\/\/galegoextintores.com.br\/loja\/wp-json\/wp\/v2\/types\/product"}],"replies":[{"embeddable":true,"href":"https:\/\/galegoextintores.com.br\/loja\/wp-json\/wp\/v2\/comments?post=237"}],"wp:featuredmedia":[{"embeddable":true,"href":"https:\/\/galegoextintores.com.br\/loja\/wp-json\/wp\/v2\/media\/1141"}],"wp:attachment":[{"href":"https:\/\/galegoextintores.com.br\/loja\/wp-json\/wp\/v2\/media?parent=237"}],"wp:term":[{"taxonomy":"product_brand","embeddable":true,"href":"https:\/\/galegoextintores.com.br\/loja\/wp-json\/wp\/v2\/product_brand?post=237"},{"taxonomy":"product_cat","embeddable":true,"href":"https:\/\/galegoextintores.com.br\/loja\/wp-json\/wp\/v2\/product_cat?post=237"},{"taxonomy":"product_tag","embeddable":true,"href":"https:\/\/galegoextintores.com.br\/loja\/wp-json\/wp\/v2\/product_tag?post=237"}],"curies":[{"name":"wp","href":"https:\/\/api.w.org\/{rel}","templated":true}]}}