{"id":253,"date":"2015-08-11T22:13:09","date_gmt":"2015-08-11T22:13:09","guid":{"rendered":"http:\/\/savoy.nordicmade.com\/product\/classic-chair\/"},"modified":"2019-06-04T11:12:41","modified_gmt":"2019-06-04T14:12:41","slug":"extintor-co2-6kg","status":"publish","type":"product","link":"https:\/\/galegoextintores.com.br\/loja\/product\/extintor-co2-6kg\/","title":{"rendered":"EXTINTOR CO2 6KG"},"content":{"rendered":"","protected":false},"excerpt":{"rendered":"<ul>\n<li>Extintor de inc\u00eandio tipo g\u00e1s carb\u00f4nico, port\u00e1til, com carga de g\u00e1s carb\u00f4nico comercial, NBR 11.716, capacidade extintora 5-b:c.<\/li>\n<\/ul>\n","protected":false},"featured_media":1137,"comment_status":"open","ping_status":"closed","template":"","meta":{"_joinchat":[]},"product_brand":[],"product_cat":[52],"product_tag":[26,35,38],"class_list":{"0":"post-253","1":"product","2":"type-product","3":"status-publish","4":"has-post-thumbnail","6":"product_cat-extintores","7":"product_tag-classic","8":"product_tag-interior","9":"product_tag-leather","11":"first","12":"instock","13":"featured","14":"shipping-taxable","15":"purchasable","16":"product-type-simple"},"_links":{"self":[{"href":"https:\/\/galegoextintores.com.br\/loja\/wp-json\/wp\/v2\/product\/253","targetHints":{"allow":["GET"]}}],"collection":[{"href":"https:\/\/galegoextintores.com.br\/loja\/wp-json\/wp\/v2\/product"}],"about":[{"href":"https:\/\/galegoextintores.com.br\/loja\/wp-json\/wp\/v2\/types\/product"}],"replies":[{"embeddable":true,"href":"https:\/\/galegoextintores.com.br\/loja\/wp-json\/wp\/v2\/comments?post=253"}],"wp:featuredmedia":[{"embeddable":true,"href":"https:\/\/galegoextintores.com.br\/loja\/wp-json\/wp\/v2\/media\/1137"}],"wp:attachment":[{"href":"https:\/\/galegoextintores.com.br\/loja\/wp-json\/wp\/v2\/media?parent=253"}],"wp:term":[{"taxonomy":"product_brand","embeddable":true,"href":"https:\/\/galegoextintores.com.br\/loja\/wp-json\/wp\/v2\/product_brand?post=253"},{"taxonomy":"product_cat","embeddable":true,"href":"https:\/\/galegoextintores.com.br\/loja\/wp-json\/wp\/v2\/product_cat?post=253"},{"taxonomy":"product_tag","embeddable":true,"href":"https:\/\/galegoextintores.com.br\/loja\/wp-json\/wp\/v2\/product_tag?post=253"}],"curies":[{"name":"wp","href":"https:\/\/api.w.org\/{rel}","templated":true}]}}